13?
False
Is 480947100 a multiple of 445?
True
Does 49 divide 629324983?
True
Is 51511613 a multiple of 368?
False
Is 11833250 a multiple of 125?
True
Does 40 divide 107250120?
True
Is 145651240 a multiple of 2590?
True
Does 482 divide 13145843?
False
Is 25 a factor of 7537342?
False
Is 142942176 a multiple of 107?
False
Is 3718106218 a multiple of 457?
False
Does 1077 divide 31745459?
False
Is 35496383 a multiple of 299?
True
Is 200 a factor of 353295000?
True
Is 246538712 a multiple of 199?
True
Is 837151309 a multiple of 86?
False
Is 24 a factor of 380923389?
False
Does 3917 divide 880228225?
False
Is 964 a factor of 510491984?
True
Is 206363105 a multiple of 13?
True
Is 1041 a factor of 32726958?
True
Is 215570047 a multiple of 119?
True
Is 46275198 a multiple of 801?
False
Is 14 a factor of 713082?
False
Does 2327 divide 40008111?
True
Is 23 a factor of 564612625?
True
Does 1474 divide 32105781?
False
Is 13 a factor of 32225840?
False
Is 62 a factor of 585669381?
False
Does 1013 divide 256291643?
False
Is 149784458 a multiple of 193?
False
Does 29 divide 54154049?
True
Does 191 divide 475690934?
False
Is 15 a factor of 210846825?
True
Is 5999167 a multiple of 18?
False
Is 181390374 a multiple of 782?
True
Does 1596 divide 69710634?
False
Does 242 divide 38916123?
False
Is 5 a factor of 9662096?
False
Is 735 a factor of 71358945?
True
Is 52850134 a multiple of 13?
False
Is 62 a factor of 8103459?
False
Is 23753954 a multiple of 266?
False
Does 48 divide 3713581?
False
Is 55378394 a multiple of 18?
False
Is 545 a factor of 68336460?
True
Is 22136814 a multiple of 486?
True
Is 156798202 a multiple of 4?
False
Does 4 divide 138044733?
False
Is 3 a factor of 18821589?
True
Is 2065836316 a multiple of 773?
True
Is 18456969 a multiple of 111?
True
Is 328849491 a multiple of 11?
False
Is 9 a factor of 343182789?
True
Is 15 a factor of 3087678648?
False
Is 2580 a factor of 534659558?
False
Does 152 divide 1581118?
False
Does 52 divide 214438536?
True
Does 12 divide 22483284?
True
Is 71627950 a multiple of 259?
False
Does 7 divide 68924506?
True
Is 212493791 a multiple of 492?
False
Is 232361235 a multiple of 9?
True
Does 46 divide 52079939?
False
Is 21 a factor of 1197554768?
False
Does 1252 divide 3816096?
True
Is 2 a factor of 145456316?
True
Is 2 a factor of 11911412?
True
Is 25421858 a multiple of 22?
True
Does 46 divide 362156804?
True
Is 29952063 a multiple of 298?
False
Does 2 divide 2708902?
True
Does 16 divide 1275252848?
True
Does 196 divide 86726464?
False
Is 341820938 a multiple of 3079?
False
Is 31 a factor of 85213730?
True
Does 78 divide 718756350?
True
Is 1556337261 a multiple of 38?
False
Does 287 divide 12492954?
False
Is 151213231 a multiple of 4748?
False
Does 13 divide 712931956?
False
Is 15 a factor of 2883474675?
True
Is 81 a factor of 63622746?
True
Is 119078689 a multiple of 121?
False
Does 3729 divide 199218096?
True
Does 249 divide 11010518?
False
Does 175 divide 13353261?
False
Is 37001094 a multiple of 111?
False
Is 13584307 a multiple of 107?
False
Is 286655246 a multiple of 11?
False
Is 161 a factor of 103253808?
True
Is 26837853 a multiple of 15?
False
Does 807 divide 204574500?
True
Does 87 divide 3265634?
False
Does 1606 divide 97289748?
False
Is 24221988 a multiple of 12?
True
Is 8008072 a multiple of 17?
False
Does 1149 divide 35033615?
False
Is 7107361 a multiple of 65?
False
Is 990 a factor of 34623270?
True
Does 582 divide 67344785?
False
Is 72679905 a multiple of 1017?
True
Is 1268451807 a multiple of 37?
False
Does 57 divide 44047548?
True
Does 11 divide 47732432?
True
Is 5965802 a multiple of 4?
False
Is 186403870 a multiple of 101?
False
Is 128 a factor of 43406336?
True
Does 1925 divide 1947179850?
True
Does 55 divide 17019005?
False
Does 1444 divide 752400217?
False
Does 33 divide 7167215?
False
Is 13 a factor of 116561965?
True
Is 4488 a factor of 573054768?
True
Is 84 a factor of 66058906?
False
Is 4313 a factor of 1539999780?
True
Is 214795784 a multiple of 511?
True
Does 12 divide 57232572?
True
Is 110 a factor of 83131796?
False
Is 161139814 a multiple of 19?
False
Is 1722635442 a multiple of 521?
True
Is 46 a factor of 3324282?
True
Does 1508 divide 631428390?
False
Is 294790948 a multiple of 71?
False
Is 643 a factor of 52947192?
True
Is 6227288 a multiple of 68?
False
Does 1730 divide 55922250?
True
Is 179218470 a multiple of 1494?
False
Is 193 a factor of 46308999?
True
Is 286692666 a multiple of 13?
True
Is 39457719 a multiple of 63?
True
Does 14 divide 288403415?
False
Does 633 divide 167365200?
True
Is 6874164227 a multiple of 157?
False
Does 427 divide 2295125?
True
Is 11 a factor of 21888013?
False
Does 1381 divide 31939768?
True
Is 21810167 a multiple of 29?
False
Is 1666 a factor of 84770299?
False
Is 604 a factor of 9430559?
False
Is 1912 a factor of 97125776?
True
Is 297783200 a multiple of 1507?
True
Is 2762 a factor of 72455477?
False
Is 415266960 a multiple of 15?
True
Is 11 a factor of 40841304?
False
Is 167 a factor of 20029334?
False
Is 2095037 a multiple of 7?
True
Is 1480277218 a multiple of 147?
False
Is 95 a factor of 644224549?
False
Is 7470270 a multiple of 4?
False
Does 1024 divide 7811072?
True
Is 193043670 a multiple of 445?
True
Does 11 divide 691811829?
False
Does 2557 divide 245323694?
True
Does 279 divide 1108832769?
True
Does 3144 divide 35829024?
True
Is 8232892 a multiple of 371?
False
Is 961709006 a multiple of 17?
True
Is 143 a factor of 5528094?
True
Is 29 a factor of 80201646?
True
Does 3 divide 28351542?
True
Is 1747 a factor of 490957663?
True
Does 52 divide 386798412?
True
Does 39 divide 116803479?
True
Is 128095028 a multiple of 701?
False
Does 21 divide 7594202?
False
Is 18 a factor of 841136923?
False
Is 7 a factor of 14092244?
False
Does 46 divide 2045068?
True
Is 10 a factor of 1343329400?
True
Is 11 a factor of 9107417?
True
Is 42912737 a multiple of 16?
False
Does 38 divide 1175072489?
False
Does 25 divide 978482525?
True
Does 39 divide 124807353?
False
Is 427 a factor of 22299099?
False
Is 4203 a factor of 57681972?
True
Does 3361 divide 16250435?
True
Does 443 divide 130572035?
True
Is 220327174 a multiple of 226?
True
Is 14 a factor of 55398860?
False
Does 399 divide 3271545?
False
Is 26978107 even?
False
Is 3667014 a multiple of 28?
False
Is 166 a factor of 353646715?
False
Does 19 divide 255640516?
True
Is 265 a factor of 1020706023?
False
Is 2599792 a multiple of 443?
False
Is 14168871 a multiple of 84?
False
Is 378 a factor of 26379864?
True
Does 18 divide 10952978?
False
Does 3697 divide 148194245?
True
Does 479 divide 57985950?
False
Does 28 divide 186273993?
False
Does 596 divide 1641796615?
False
Is 544 a factor of 366162299?
False
Is 319 a factor of 93159803?
True
Is 81236324 a multiple of 41?
False
Does 15 divide 4491741041?
False
Is 343 a factor of 13856088?
False
Is 75450794 a multiple of 23?
False
Is 9545 a factor of 6262152924?
False
Is 15980866 a multiple of 271?
False
Is 80 a factor of 5070153?
False
Does 2026 divide 1219593246?
True
Is 270 a factor of 1068941580?
False
Does 3 divide 222627246?
True
Is 29400531 a multiple of 159?
True
Does 49 divide 166078853?
False
Is 3 a factor of 87813655?
False
Does 10 divide 15135242?
False
Does 30 divide 74727411?
False
Is 348 a factor of 25778443?
False
Does 103 divide 2027143?
True
Is 2507968718 a multiple of 14?
False
Is 67 a factor of 28867687?
True
Does 80 divide 365278647?
False
Is 9 a factor of 4596840?
True
Does 5527 divide 771153957?
False
Is 281 a factor of 129854358?
False
Is 8 a factor of 11363860?
False
Does 2071 divide 19647754?
False
Is 20 a factor of 99524907?
False
Is 54721349 a multiple of 4?
False
Is 83122738 a multiple of 154?
False
Is 7373079 a multiple of 441?
True
Is 32660626 a multiple of 746?
True
Does 20 divide 4069483?
False
Is 10 a factor of 108303043?
False
Does 85 divide 1767759960?
True
Does 86 divide 4838446?
True
Is 1021 a factor of 118019432?
True
Is 142 a factor of 22105261?
False
Does 10 divide 111455340?
True
Does 537 divide 144763923?
True
Does 614 divide 101310793?
False
Does 1006 divide 90179577?
False
Is 150732054 a multiple of 342?
True
Is 1651000908 a multiple of 8?
False
Is 3218295 a multiple of 41?
True
Does 126 divide 1008892458?
True
Is 1995